 0, 0 = -4*r - i - 256. Let v = 154 + r. Suppose -7*z + 252 = v. Calculate the greatest common divisor of z and 161.
23
Let a be 1 - (1*-4 - -2). Suppose 3*r + 160 - 343 = 3*u, r = -u + 71. Calculate the highest common factor of r and a.
3
Suppose -s - s = 4, -3*v - 2*s + 320 = 0. Let c = 82 - v. Let k = c - -28. What is the greatest common divisor of k and 3?
1
Let w be 7*1 - (0 + -2). Let v be (-48)/32*(-108)/(2 - 0). Let a = v - 36. Calculate the greatest common factor of w and a.
9
Suppose n + n - 374 = 0. Suppose 17*g - 11 = 74. Suppose g*d = -t - 29 + 112, -4*d + 3*t = -74. Calculate the highest common factor of d and n.
17
Let t(n) = n**3 + 38*n**2 - 108*n + 91. Let l be t(-33). What is the highest common divisor of 14 and l?
14
Let m(q) = q**2 - 41*q - 146. Let f be m(45). Suppose 3*h - 3*d = 2*d + 525, 346 = 2*h - 2*d. Calculate the greatest common divisor of h and f.
34
Suppose 4*c = -3*r + 781, 0 = r - 6*r - 5. Suppose -140*a + 154*a - 1176 = 0. Calculate the greatest common divisor of a and c.
28
Let t = -1290 + 1891. Calculate the greatest common factor of t and 2.
1
Let d(n) = -n**2 + 19. Suppose -2*x + 19 = 5*t, -3*x = 2*x - 10. Let z be d(t). Calculate the highest common divisor of z and 370.
10
Let x = 561 - 273. Let i be -4 - (4/(-6))/(8/x). Calculate the greatest common factor of i and 540.
20
Let k(b) = -b**3 - 46*b**2 - 311*b + 18. Let c be k(-38). What is the highest common factor of c and 4?
4
Suppose -4*q + 42 + 6 = b, -375 = -5*b + 7*q. Calculate the highest common divisor of b and 144.
4
Let j be (-2 - 144)/(6 - 186/30). Let b be (-4 - 0 - -11) + 3. Calculate the highest common divisor of j and b.
10
Let t(m) = 22*m + 19. Let n be t(2). Suppose 7*v + 193 = 907. Let z = v - 60. Calculate the highest common factor of n and z.
21
Suppose 3*m + 2*y = 104, 186 = 5*m - y + 4. Suppose 4*r - 54 = -2*b, 0 = -3*b - 2*r + 133 - m. Calculate the highest common divisor of b and 14.
7
Let f(d) = -d**3 - 9*d**2 - 14*d + 3. Let l be f(-7). Suppose 2*i - 2*u + 1 = -l*u, 3*u + 13 = -i. What is the highest common divisor of i and 26?
2
Suppose 4*a + 926 = b + 3*a, -5*a - 2768 = -3*b. What is the highest common divisor of 38 and b?
19
Let s(h) = 9 + 2*h - 644*h**2 + 643*h**2 - 8*h. Let v be s(-7). What is the greatest common divisor of 34 and v?
2
Let j(l) = -30*l + 585. Let i be j(15). What is the highest common factor of 285 and i?
15
Let a = -2022 + 2324. Calculate the highest common factor of 2869 and a.
151
Let f be (-6 + (1 - -2))*(-6)/(-9). Let y be f/6 + (-1623)/(-9). Suppose -5*b + 21 + 82 = 3*k, -2*b + k + 39 = 0. What is the greatest common factor of y and b?
20
Suppose 6 = y - 7. Let w(r) = 7*r - 40 - 2*r - 53 + 44 + r. Let c be w(y). Calculate the greatest common divisor of c and 29.
29
Suppose 8*b = 15*b - 4*n - 700, n - 300 = -3*b. Let a = 413 - 63. Calculate the greatest common divisor of a and b.
50
Let a be ((-64)/(-3) - -1)*23/((-161)/(-1722)). What is the highest common factor of a and 82?
82
Let a be (-57494)/(-357) + (-12)/252. Calculate the highest common divisor of a and 1771.
161
Suppose -45 = 6*c - 9*c. Let s = -311 + 356. What is the highest common divisor of s and c?
15
Let q(k) = -k**2 + 11*k + 10. Let o be q(9). Suppose 4*g + 34 = c, -53*c + 3*g + 38 = -51*c. What is the greatest common factor of c and o?
2
Suppose 5*w - 5 = 231*b - 233*b, 0 = b + 3*w. Calculate the highest common divisor of b and 70.
5
Let n(u) = -16*u - 64*u - 100*u - 84*u. Let b be n(-1). Suppose 3*w - 81 = -93, 68 = 3*d + w. Calculate the greatest common factor of b and d.
24
Suppose -4*j = -4*p - 16, j - 28 = -2*j - p. Let b be (-37)/148 - (-3042)/j. What is the highest common divisor of b and 38?
38
Let f be (968/528)/((-1)/(-30)). What is the highest common divisor of 253 and f?
11
Let n(m) = -m**2 - 5*m + 34. Let a be n(-9). Let q(s) = s + 6*s**2 - 3 - 2 + 1. Let i be q(a). Calculate the greatest common factor of 72 and i.
18
Let z be (-38 - -42)/((-4)/(-94) - 0). Suppose 2*u = -3*u + 235. What is the highest common divisor of z and u?
47
Suppose 0 = g + j - 25, -2*g + j + 9 + 56 = 0. Calculate the greatest common factor of g and 290.
10
Suppose 13*b - 38*b + 9525 = 0. Let l = -378 + b. Suppose -3*f = 2*f - 120. Calculate the greatest common divisor of l and f.
3
Let q be (-54)/81 - 148/(-6). Let v(p) = -p**3 - 7*p**2 - 9*p - 4. Suppose 0 = -2*u + 4*u + 16. Let s be v(u). What is the highest common factor of q and s?
12
Let y be 11*(-39)/(-286) + (-508)/(-8). Let s be 208/6*3/2. What is the highest common factor of y and s?
13
Let g(m) = -3819*m + 30559. Let o be g(8). Suppose 2*b + 114 = 3*q - 243, 5*b = -2*q + 238. What is the highest common divisor of q and o?
7
Let h = 6 + 12. Let m = 20 - h. Calculate the highest common factor of 4 and m.
2
Suppose -d = -2*u - 5*d + 136, 4*d - 370 = -5*u. Calculate the greatest common divisor of u and 150.
6
Suppose -a - 12*n = -7*n - 381, 8*n = -3*a + 1192. What is the highest common factor of 5616 and a?
208
Let x be (-106)/(-22) + 74/407. Suppose 2*q - 1845 = x*r, q - 3*r = -164 + 1085. Calculate the highest common factor of q and 62.
62
Let m(k) = 83*k + 1503. Let a be m(-18). What is the greatest common divisor of 873 and a?
9
Let b(a) = a**2 + 5*a - 8. Let s be b(-6). Let f be (-1 + -34)*s/5*1. Let y = 235 + -123. What is the highest common factor of f and y?
14
Suppose 0 = 149*d + 11000 - 2003875. What is the greatest common factor of 107 and d?
107
Suppose 2*x + k - 10 = 0, k = 3*x - 3 - 12. Let t be 2/9 - 1076/(-18). Suppose p + x*p - t = 0. Calculate the greatest common factor of p and 20.
10
Let j = -130 + 617. Let f = j - 454. What is the greatest common factor of 132 and f?
33
Suppose 856 = -32*s - 14344. Let z = s - -651. Let m = 76 - 54. Calculate the highest common divisor of z and m.
22
Suppose 8 = 2*g, 9*b + 3*g + 538 = 14*b. Calculate the greatest common factor of 10 and b.
10
Suppose 2*y = 23 + 9. Let a be 160/(-70) - 224652/(-2037). What is the greatest common factor of a and y?
4
Suppose d + w = 15 - 8, -w = -4*d + 53. Let b be 6/d*32*10. Calculate the greatest common divisor of 560 and b.
80
Suppose 2*t = -2*t + 56. Let b = -21348 - -21460. What is the highest common divisor of b and t?
14
Let q = -140 - -152. Let p be 36 + 3 + (-5 - 2). What is the highest common factor of q and p?
4
Let i(y) = y**3 - 17*y**2 - 35*y - 20. Let h be i(18). Let f = h + 975. Calculate the greatest common divisor of 118 and f.
59
Let r be ((-22)/(-6) + -3)/((-2)/(-96)). Let n = r - 21. Let p be (0 + 1)*n/((-11)/(-28)). Calculate the greatest common divisor of p and 112.
28
Let l be ((-154)/11)/(-14)*(10 - -1). Let g = 430 - 300. Let p = g + -53. Calculate the highest common factor of p and l.
11
Suppose 23*p - 9*p - 42 = 0. Suppose -f - 2*d = 3*f + 356, -p*f + 5*d = 267. Let s = 106 + f. Calculate the highest common factor of 17 and s.
17
Let g = -13624 + 13654. Calculate the highest common factor of g and 4695.
15
Let d be (-2)/(-7) - ((-4824)/21 - -3). Let a = d - 206. Let j be (-21)/2*8/(-6). What is the greatest common divisor of j and a?
7
Let h be (-18 - (-3 + 5))*-3. Let i be h/(27/(-6)*7/(-42)). Calculate the greatest common divisor of 60 and i.
20
Let v(x) = -134*x - 78. Let p be v(5). Let q = p + 785. Calculate the greatest common factor of 925 and q.
37
Suppose 65*d - 365146 = -32*d + 470800. Calculate the highest common divisor of d and 124.
62
Let f be ((-6)/(-15))/(3/(-30)). Let g be -4*(4 + f - 14). What is the greatest common factor of 8 and g?
8
Let o(v) = 3*v**2 - 6*v**2 - 8*v**2 - v**3 + 10 + v**2 - 9*v. Let i be o(-9). Calculate the highest common divisor of 4 and i.
2
Suppose -2198 = -5*i - g, 2*g + 9743 = 9739. Calculate the greatest common divisor of i and 5560.
40
Suppose -35*t - 27*t + 1292 = -43*t. What is the highest common factor of t and 3332?
68
Suppose -3*w = 5*l + 15, -4*l - 3*w = -10 + 25. Suppose 5*j = -3*c + 10*j + 104, -4*c + 5*j + 132 = l. What is the greatest common divisor of 182 and c?
14
Let g = 7276 + 4261. Calculate the highest common divisor of g and 166.
83
Suppose 131*s = 132*s - 96. Let b be 4 - (4 + 108/(-3)*1). Calculate the highest common divisor of b and s.
12
Suppose 686 = 2*r - 2*p, 6*r - 2*r - 3*p = 1372. Let v be (-4)/(-30) + (-11 - r